{"id":2449,"date":"2019-01-22T23:57:44","date_gmt":"2019-01-23T04:57:44","guid":{"rendered":"http:\/\/192.168.0.101\/wordpress\/?page_id=2449"},"modified":"2025-09-25T15:49:22","modified_gmt":"2025-09-25T20:49:22","slug":"tarifas-tpg-importador-contenedor","status":"publish","type":"page","link":"http:\/\/www.tpg.com.ec\/index.php\/tarifas-tpg-importador-contenedor\/","title":{"rendered":"Tarifas TPG: Importador Contenedor"},"content":{"rendered":"<div class=\"wpb-content-wrapper\"><p>[vc_row][vc_column width=\u00bb2\/3&#8243;][vc_column_text css=\u00bb.vc_custom_1758833410468{margin-bottom: 30px !important;}\u00bb]<\/p>\n<h3><strong>SERVICIOS ADUANEROS<\/strong><\/h3>\n<div id=\"footable_parent_2452\"\n         class=\" footable_parent ninja_table_wrapper loading_ninja_table wp_table_data_press_parent semantic_ui \">\n                <table data-ninja_table_instance=\"ninja_table_instance_0\" data-footable_id=\"2452\" data-filter-delay=\"1000\" aria-label=\"Servicios Aduaneros Importador Contenedor\"            id=\"footable_2452\"\n           data-unique_identifier=\"ninja_table_unique_id_787008158_2452\"\n           class=\" foo-table ninja_footable foo_table_2452 ninja_table_unique_id_787008158_2452 ui table  nt_type_legacy_table single line fixed selectable striped vertical_centered  footable-paging-right ninja_table_pro\">\n                <colgroup>\n                            <col class=\"ninja_column_0 \">\n                            <col class=\"ninja_column_1 \">\n                            <col class=\"ninja_column_2 \">\n                    <\/colgroup>\n        <thead>\n<tr class=\"footable-header\">\n                                                        <th scope=\"col\"  class=\"ninja_column_0 ninja_clmn_nm_servicio \">SERVICIO<\/th><th scope=\"col\"  class=\"ninja_column_1 ninja_clmn_nm_unidad \">UNIDAD<\/th><th scope=\"col\"  class=\"ninja_column_2 ninja_clmn_nm_tarifa \">TARIFA<\/th><\/tr>\n<\/thead>\n<tbody>\n\n        <tr data-row_id=\"39\" class=\"ninja_table_row_0 nt_row_id_39\">\n            <td>ALMACENAJE IMPORTACI\u00d3N 20' D\u00cdA 1<\/td><td>USD\/D\u00cdA\/TEU<\/td><td>$1.13<\/td>        <\/tr>\n            <tr data-row_id=\"40\" class=\"ninja_table_row_1 nt_row_id_40\">\n            <td>ALMACENAJE IMPORTACI\u00d3N 20' D\u00cdA 2<\/td><td>USD\/D\u00cdA\/TEU<\/td><td>$1.13<\/td>        <\/tr>\n            <tr data-row_id=\"41\" class=\"ninja_table_row_2 nt_row_id_41\">\n            <td>ALMACENAJE IMPORTACI\u00d3N 20' D\u00cdA 3<\/td><td>USD\/D\u00cdA\/TEU<\/td><td>$1.13<\/td>        <\/tr>\n            <tr data-row_id=\"42\" class=\"ninja_table_row_3 nt_row_id_42\">\n            <td>ALMACENAJE IMPORTACI\u00d3N 20' D\u00cdA 4<\/td><td>USD\/D\u00cdA\/TEU<\/td><td>$1.69<\/td>        <\/tr>\n            <tr data-row_id=\"43\" class=\"ninja_table_row_4 nt_row_id_43\">\n            <td>ALMACENAJE IMPORTACI\u00d3N 20' D\u00cdA 5<\/td><td>USD\/D\u00cdA\/TEU<\/td><td>$2.25<\/td>        <\/tr>\n            <tr data-row_id=\"44\" class=\"ninja_table_row_5 nt_row_id_44\">\n            <td>ALMACENAJE IMPORTACI\u00d3N 20' D\u00cdA 6<\/td><td>USD\/D\u00cdA\/TEU<\/td><td>$3.67<\/td>        <\/tr>\n            <tr data-row_id=\"45\" class=\"ninja_table_row_6 nt_row_id_45\">\n            <td>ALMACENAJE IMPORTACI\u00d3N 20' D\u00cdA 7<\/td><td>USD\/D\u00cdA\/TEU<\/td><td>$4.79<\/td>        <\/tr>\n            <tr data-row_id=\"46\" class=\"ninja_table_row_7 nt_row_id_46\">\n            <td>ALMACENAJE IMPORTACI\u00d3N 20' D\u00cdA 8<\/td><td>USD\/D\u00cdA\/TEU<\/td><td>$6.82<\/td>        <\/tr>\n            <tr data-row_id=\"47\" class=\"ninja_table_row_8 nt_row_id_47\">\n            <td>ALMACENAJE IMPORTACI\u00d3N 20' D\u00cdA 9<\/td><td>USD\/D\u00cdA\/TEU<\/td><td>$8.12<\/td>        <\/tr>\n            <tr data-row_id=\"48\" class=\"ninja_table_row_9 nt_row_id_48\">\n            <td>ALMACENAJE IMPORTACI\u00d3N 20' D\u00cdA 10<\/td><td>USD\/D\u00cdA\/TEU<\/td><td>$9.41<\/td>        <\/tr>\n            <tr data-row_id=\"49\" class=\"ninja_table_row_10 nt_row_id_49\">\n            <td>ALMACENAJE IMPORTACI\u00d3N  20' D\u00cdA 11<\/td><td>USD\/D\u00cdA\/TEU<\/td><td>$12.42<\/td>        <\/tr>\n            <tr data-row_id=\"50\" class=\"ninja_table_row_11 nt_row_id_50\">\n            <td>ALMACENAJE IMPORTACI\u00d3N 20' D\u00cdA 12<\/td><td>USD\/D\u00cdA\/TEU<\/td><td>$14.83<\/td>        <\/tr>\n            <tr data-row_id=\"51\" class=\"ninja_table_row_12 nt_row_id_51\">\n            <td>ALMACENAJE IMPORTACI\u00d3N 20' D\u00cdA 13<\/td><td>USD\/D\u00cdA\/TEU<\/td><td>$16.02<\/td>        <\/tr>\n            <tr data-row_id=\"52\" class=\"ninja_table_row_13 nt_row_id_52\">\n            <td>ALMACENAJE IMPORTACI\u00d3N 20' D\u00cdA 14 EN ADELANTE<\/td><td>USD\/D\u00cdA\/TEU<\/td><td>$16.88<\/td>        <\/tr>\n            <tr data-row_id=\"434\" class=\"ninja_table_row_14 nt_row_id_434\">\n            <td>ALMACENAJE IMPORTACI\u00d3N 40' D\u00cdA 1<\/td><td>USD\/D\u00cdA\/TEU<\/td><td>$2.26<\/td>        <\/tr>\n            <tr data-row_id=\"435\" class=\"ninja_table_row_15 nt_row_id_435\">\n            <td>ALMACENAJE IMPORTACI\u00d3N 40' D\u00cdA 2<\/td><td>USD\/D\u00cdA\/TEU<\/td><td>$2.26<\/td>        <\/tr>\n            <tr data-row_id=\"436\" class=\"ninja_table_row_16 nt_row_id_436\">\n            <td>ALMACENAJE IMPORTACI\u00d3N 40' D\u00cdA 3<\/td><td>USD\/D\u00cdA\/TEU<\/td><td>$2.26<\/td>        <\/tr>\n            <tr data-row_id=\"437\" class=\"ninja_table_row_17 nt_row_id_437\">\n            <td>ALMACENAJE IMPORTACI\u00d3N 40' D\u00cdA 4<\/td><td>USD\/D\u00cdA\/TEU<\/td><td>$3.39<\/td>        <\/tr>\n            <tr data-row_id=\"438\" class=\"ninja_table_row_18 nt_row_id_438\">\n            <td>ALMACENAJE IMPORTACI\u00d3N 40' D\u00cdA 5<\/td><td>USD\/D\u00cdA\/TEU<\/td><td>$4.51<\/td>        <\/tr>\n            <tr data-row_id=\"439\" class=\"ninja_table_row_19 nt_row_id_439\">\n            <td>ALMACENAJE IMPORTACI\u00d3N 40' D\u00cdA 6<\/td><td>USD\/D\u00cdA\/TEU<\/td><td>$7.34<\/td>        <\/tr>\n            <tr data-row_id=\"440\" class=\"ninja_table_row_20 nt_row_id_440\">\n            <td>ALMACENAJE IMPORTACI\u00d3N 40' D\u00cdA 7<\/td><td>USD\/D\u00cdA\/TEU<\/td><td>$9.59<\/td>        <\/tr>\n            <tr data-row_id=\"442\" class=\"ninja_table_row_21 nt_row_id_442\">\n            <td>ALMACENAJE IMPORTACI\u00d3N 40' D\u00cdA 8<\/td><td>USD\/D\u00cdA\/TEU<\/td><td>$13.65<\/td>        <\/tr>\n            <tr data-row_id=\"441\" class=\"ninja_table_row_22 nt_row_id_441\">\n            <td>ALMACENAJE IMPORTACI\u00d3N 40' D\u00cdA 9<\/td><td>USD\/D\u00cdA\/TEU<\/td><td>$16.24<\/td>        <\/tr>\n            <tr data-row_id=\"443\" class=\"ninja_table_row_23 nt_row_id_443\">\n            <td>ALMACENAJE IMPORTACI\u00d3N 40' D\u00cdA 10<\/td><td>USD\/D\u00cdA\/TEU<\/td><td>$18.83<\/td>        <\/tr>\n            <tr data-row_id=\"444\" class=\"ninja_table_row_24 nt_row_id_444\">\n            <td>ALMACENAJE IMPORTACI\u00d3N  40' D\u00cdA 11<\/td><td>USD\/D\u00cdA\/TEU<\/td><td>$24.85<\/td>        <\/tr>\n            <tr data-row_id=\"445\" class=\"ninja_table_row_25 nt_row_id_445\">\n            <td>ALMACENAJE IMPORTACI\u00d3N 40' D\u00cdA 12<\/td><td>USD\/D\u00cdA\/TEU<\/td><td>$29.66<\/td>        <\/tr>\n            <tr data-row_id=\"446\" class=\"ninja_table_row_26 nt_row_id_446\">\n            <td>ALMACENAJE IMPORTACI\u00d3N 40' D\u00cdA 13<\/td><td>USD\/D\u00cdA\/TEU<\/td><td>$32.05<\/td>        <\/tr>\n            <tr data-row_id=\"447\" class=\"ninja_table_row_27 nt_row_id_447\">\n            <td>ALMACENAJE IMPORTACI\u00d3N 40' D\u00cdA 14 EN ADELANTE<\/td><td>USD\/D\u00cdA\/TEU<\/td><td>$33.76<\/td>        <\/tr>\n            <tr data-row_id=\"53\" class=\"ninja_table_row_28 nt_row_id_53\">\n            <td>AFORO DE CONTENEDORES<\/td><td>USD\/CONTENEDOR<\/td><td>$143.82<\/td>        <\/tr>\n            <tr data-row_id=\"54\" class=\"ninja_table_row_29 nt_row_id_54\">\n            <td>AFORO DE CONTENEDORES (RAYOS X)<\/td><td>USD\/CONTENEDOR<\/td><td>$122.40<\/td>        <\/tr>\n            <tr data-row_id=\"55\" class=\"ninja_table_row_30 nt_row_id_55\">\n            <td>SELLO\/PRECINTO AFORO<\/td><td>USD\/UNIDAD<\/td><td>$12.75<\/td>        <\/tr>\n            <tr data-row_id=\"448\" class=\"ninja_table_row_31 nt_row_id_448\">\n            <td>ALMACENAJE CONTENEDORES ESPECIALES APLICA RECARGO A TARIFA DE LISTA<\/td><td>%<\/td><td>$20.00<\/td>        <\/tr>\n    <\/tbody><!--ninja_tobody_rendering_done-->\n    <\/table>\n    \n    \n    \n<\/div>\n\n<p><strong>Energ\u00eda primer d\u00eda USD 120,00 (m\u00ednimo 24 horas).<\/strong>[\/vc_column_text][vc_column_text css=\u00bb.vc_custom_1548225355699{margin-bottom: 30px !important;}\u00bb]<\/p>\n<h3><strong>SERVICIOS LOG\u00cdSTICOS<\/strong><\/h3>\n<div id=\"footable_parent_2456\"\n         class=\" footable_parent ninja_table_wrapper loading_ninja_table wp_table_data_press_parent semantic_ui \">\n                <table data-ninja_table_instance=\"ninja_table_instance_1\" data-footable_id=\"2456\" data-filter-delay=\"1000\" aria-label=\"Servicios Log\u00edsticos Importador Contenedores\"            id=\"footable_2456\"\n           data-unique_identifier=\"ninja_table_unique_id_867652013_2456\"\n           class=\" foo-table ninja_footable foo_table_2456 ninja_table_unique_id_867652013_2456 ui table  nt_type_legacy_table single line selectable striped vertical_centered  footable-paging-right ninja_table_pro\">\n                <colgroup>\n                            <col class=\"ninja_column_0 \">\n                            <col class=\"ninja_column_1 \">\n                            <col class=\"ninja_column_2 \">\n                    <\/colgroup>\n        <thead>\n<tr class=\"footable-header\">\n                                                        <th scope=\"col\"  class=\"ninja_column_0 ninja_clmn_nm_servicio \">SERVICIO<\/th><th scope=\"col\"  class=\"ninja_column_1 ninja_clmn_nm_unidad \">UNIDAD<\/th><th scope=\"col\"  class=\"ninja_column_2 ninja_clmn_nm_tarifa \">TARIFA<\/th><\/tr>\n<\/thead>\n<tbody>\n\n        <tr data-row_id=\"91\" class=\"ninja_table_row_0 nt_row_id_91\">\n            <td>DESPACHO CONTENEDOR 20'<\/td><td>USD\/CONTENEDOR<\/td><td>$63.24<\/td>        <\/tr>\n            <tr data-row_id=\"98\" class=\"ninja_table_row_1 nt_row_id_98\">\n            <td>DESPACHO CONTENEDOR 20' ESPECIAL<\/td><td>USD\/CONTENEDOR<\/td><td>$75.89<\/td>        <\/tr>\n            <tr data-row_id=\"99\" class=\"ninja_table_row_2 nt_row_id_99\">\n            <td>DESPACHO CONTENEDOR 40'<\/td><td>USD\/CONTENEDOR<\/td><td>$63.24<\/td>        <\/tr>\n            <tr data-row_id=\"100\" class=\"ninja_table_row_3 nt_row_id_100\">\n            <td>DESPACHO CONTENEDOR 40' ESPECIAL<\/td><td>USD\/CONTENEDOR<\/td><td>$75.89<\/td>        <\/tr>\n            <tr data-row_id=\"101\" class=\"ninja_table_row_4 nt_row_id_101\">\n            <td>MANIPULEO INTERNO IMPO CONTENEDOR 20'<\/td><td>USD\/CONTENEDOR<\/td><td>$58.14<\/td>        <\/tr>\n            <tr data-row_id=\"103\" class=\"ninja_table_row_5 nt_row_id_103\">\n            <td>MANIPULEO INTERNO IMPO CONTENEDOR 40'<\/td><td>USD\/CONTENEDOR<\/td><td>$58.14<\/td>        <\/tr>\n            <tr data-row_id=\"114\" class=\"ninja_table_row_6 nt_row_id_114\">\n            <td>HANDLING OUT VAC\u00cdO 20'<\/td><td>USD\/CONTENEDOR<\/td><td>$63.11<\/td>        <\/tr>\n            <tr data-row_id=\"449\" class=\"ninja_table_row_7 nt_row_id_449\">\n            <td>HANDLING IN VAC\u00cdO 20'<\/td><td>USD\/CONTENEDOR<\/td><td>$63.11<\/td>        <\/tr>\n            <tr data-row_id=\"450\" class=\"ninja_table_row_8 nt_row_id_450\">\n            <td>HANDLING IN FULL (LLENO) 20'<\/td><td>USD\/CONTENEDOR<\/td><td>$63.11<\/td>        <\/tr>\n            <tr data-row_id=\"451\" class=\"ninja_table_row_9 nt_row_id_451\">\n            <td>HANDLING OUT FULL (LLENO) 20'<\/td><td>USD\/CONTENEDOR<\/td><td>$63.11<\/td>        <\/tr>\n            <tr data-row_id=\"452\" class=\"ninja_table_row_10 nt_row_id_452\">\n            <td>HANDLING OUT VAC\u00cdO 40'<\/td><td>USD\/CONTENEDOR<\/td><td>$63.11<\/td>        <\/tr>\n            <tr data-row_id=\"453\" class=\"ninja_table_row_11 nt_row_id_453\">\n            <td>HANDLING IN VAC\u00cdO 40'<\/td><td>USD\/CONTENEDOR<\/td><td>$63.11<\/td>        <\/tr>\n            <tr data-row_id=\"454\" class=\"ninja_table_row_12 nt_row_id_454\">\n            <td>HANDLING IN FULL (LLENO) 40'<\/td><td>USD\/CONTENEDOR<\/td><td>$63.11<\/td>        <\/tr>\n            <tr data-row_id=\"455\" class=\"ninja_table_row_13 nt_row_id_455\">\n            <td>HANDLING OUT FULL (LLENO) 40'<\/td><td>USD\/CONTENEDOR<\/td><td>$63.11<\/td>        <\/tr>\n            <tr data-row_id=\"456\" class=\"ninja_table_row_14 nt_row_id_456\">\n            <td>SELLO DE IMPORTACI\u00d3N<\/td><td>USD\/CONTENEDOR<\/td><td>$12.75<\/td>        <\/tr>\n            <tr data-row_id=\"457\" class=\"ninja_table_row_15 nt_row_id_457\">\n            <td>PESAJE CONTENEDORES<\/td><td>USD\/CONTENEDOR<\/td><td>$57.63<\/td>        <\/tr>\n            <tr data-row_id=\"458\" class=\"ninja_table_row_16 nt_row_id_458\">\n            <td>ENERG\u00cdA EL\u00c9CTRICA<\/td><td>USD\/HR\/CONTENEDOR<\/td><td>$5.10<\/td>        <\/tr>\n            <tr data-row_id=\"459\" class=\"ninja_table_row_17 nt_row_id_459\">\n            <td>CONEXI\u00d3N \/ DESCONEXI\u00d3N<\/td><td>USD\/CONTENEDOR<\/td><td>$1.14<\/td>        <\/tr>\n            <tr data-row_id=\"460\" class=\"ninja_table_row_18 nt_row_id_460\">\n            <td>REASIGNACI\u00d3N DE TURNO PERDIDO PARA DESPACHO<\/td><td>USD\/TURNO<\/td><td>$34.45<\/td>        <\/tr>\n            <tr data-row_id=\"461\" class=\"ninja_table_row_19 nt_row_id_461\">\n            <td>DESINFECCI\u00d3N DE CONTENEDORES<\/td><td>USD\/CONTENEDOR<\/td><td>$6.36<\/td>        <\/tr>\n            <tr data-row_id=\"566\" class=\"ninja_table_row_20 nt_row_id_566\">\n            <td>LOGISTICA PARA INSPECCI\u00d3N DE CONTENEDORES \/ RAYOS X<\/td><td>USD\/CONTENEDOR<\/td><td>$122.40<\/td>        <\/tr>\n            <tr data-row_id=\"567\" class=\"ninja_table_row_21 nt_row_id_567\">\n            <td>USO DE ESCANER (TARIFA REGULADA POR RESOLUCI\u00d3N)<\/td><td>USD\/CONTENEDOR<\/td><td>$38.56<\/td>        <\/tr>\n    <\/tbody><!--ninja_tobody_rendering_done-->\n    <\/table>\n    \n    \n    \n<\/div>\n\n<p><strong>*EL RECARGO POR CONTENEDOR NO ESTANDAR O IMO ES DE 20% ADICIONAL SOBRE LA TARIFA INDICADA<br \/>\n<\/strong>[\/vc_column_text][vc_column_text css=\u00bb.vc_custom_1548222578440{margin-bottom: 30px !important;}\u00bb]<\/p>\n<h3><strong>SERVICIOS ESPECIALES<\/strong><\/h3>\n<div id=\"footable_parent_2457\"\n         class=\" footable_parent ninja_table_wrapper loading_ninja_table wp_table_data_press_parent semantic_ui \">\n                <table data-ninja_table_instance=\"ninja_table_instance_2\" data-footable_id=\"2457\" data-filter-delay=\"1000\" aria-label=\"Servicios Especiales Importador Contenedores\"            id=\"footable_2457\"\n           data-unique_identifier=\"ninja_table_unique_id_2140584905_2457\"\n           class=\" foo-table ninja_footable foo_table_2457 ninja_table_unique_id_2140584905_2457 ui table  nt_type_legacy_table single line fixed selectable striped vertical_centered  footable-paging-right ninja_table_pro\">\n                <colgroup>\n                            <col class=\"ninja_column_0 \">\n                            <col class=\"ninja_column_1 \">\n                            <col class=\"ninja_column_2 \">\n                    <\/colgroup>\n        <thead>\n<tr class=\"footable-header\">\n                                                        <th scope=\"col\"  class=\"ninja_column_0 ninja_clmn_nm_servicio \">SERVICIO<\/th><th scope=\"col\"  class=\"ninja_column_1 ninja_clmn_nm_unidad \">UNIDAD<\/th><th scope=\"col\"  class=\"ninja_column_2 ninja_clmn_nm_tarifa \">TARIFA<\/th><\/tr>\n<\/thead>\n<tbody>\n\n        <tr data-row_id=\"126\" class=\"ninja_table_row_0 nt_row_id_126\">\n            <td>ARRIENDO GR\u00daA DE TIERRA<\/td><td>USD\/HR<\/td><td>$1052.21<\/td>        <\/tr>\n            <tr data-row_id=\"133\" class=\"ninja_table_row_1 nt_row_id_133\">\n            <td>PLANIFICACI\u00d3N CARGA PROYECTO <\/td><td>USD\/TON O M3<\/td><td>$14443.27<\/td>        <\/tr>\n    <\/tbody><!--ninja_tobody_rendering_done-->\n    <\/table>\n    \n    \n    \n<\/div>\n[\/vc_column_text][\/vc_column][vc_column width=\u00bb1\/3&#8243; css=\u00bb.vc_custom_1548228118962{background-color: #f7f7f7 !important;}\u00bb]\n<div class=\"wpcf7 no-js\" id=\"wpcf7-f1584-o1\" lang=\"en-US\" dir=\"ltr\" data-wpcf7-id=\"1584\">\n<div class=\"screen-reader-response\"><p role=\"status\" aria-live=\"polite\" aria-atomic=\"true\"><\/p> <ul><\/ul><\/div>\n<form action=\"\/index.php\/wp-json\/wp\/v2\/pages\/2449#wpcf7-f1584-o1\" method=\"post\" class=\"wpcf7-form init\" aria-label=\"Contact form\" novalidate=\"novalidate\" data-status=\"init\">\n<div style=\"display: none;\">\n<input type=\"hidden\" name=\"_wpcf7\" value=\"1584\" \/>\n<input type=\"hidden\" name=\"_wpcf7_version\" value=\"6.0.6\" \/>\n<input type=\"hidden\" name=\"_wpcf7_locale\" value=\"en_US\" \/>\n<input type=\"hidden\" name=\"_wpcf7_unit_tag\" value=\"wpcf7-f1584-o1\" \/>\n<input type=\"hidden\" name=\"_wpcf7_container_post\" value=\"0\" \/>\n<input type=\"hidden\" name=\"_wpcf7_posted_data_hash\" value=\"\" \/>\n<input type=\"hidden\" name=\"_wpcf7cf_hidden_group_fields\" value=\"[]\" \/>\n<input type=\"hidden\" name=\"_wpcf7cf_hidden_groups\" value=\"[]\" \/>\n<input type=\"hidden\" name=\"_wpcf7cf_visible_groups\" value=\"[]\" \/>\n<input type=\"hidden\" name=\"_wpcf7cf_repeaters\" value=\"[]\" \/>\n<input type=\"hidden\" name=\"_wpcf7cf_steps\" value=\"{}\" \/>\n<input type=\"hidden\" name=\"_wpcf7cf_options\" value=\"{&quot;form_id&quot;:1584,&quot;conditions&quot;:[{&quot;then_field&quot;:&quot;importer&quot;,&quot;and_rules&quot;:[{&quot;if_field&quot;:&quot;tarifario&quot;,&quot;operator&quot;:&quot;equals&quot;,&quot;if_value&quot;:&quot;Importador&quot;}]},{&quot;then_field&quot;:&quot;exporter&quot;,&quot;and_rules&quot;:[{&quot;if_field&quot;:&quot;tarifario&quot;,&quot;operator&quot;:&quot;equals&quot;,&quot;if_value&quot;:&quot;Exportador&quot;}]},{&quot;then_field&quot;:&quot;consolidators&quot;,&quot;and_rules&quot;:[{&quot;if_field&quot;:&quot;tarifario&quot;,&quot;operator&quot;:&quot;equals&quot;,&quot;if_value&quot;:&quot;Consolidadoras&quot;}]},{&quot;then_field&quot;:&quot;services&quot;,&quot;and_rules&quot;:[{&quot;if_field&quot;:&quot;tarifario&quot;,&quot;operator&quot;:&quot;equals&quot;,&quot;if_value&quot;:&quot;Servicios a la Nave&quot;}]},{&quot;then_field&quot;:&quot;deposit&quot;,&quot;and_rules&quot;:[{&quot;if_field&quot;:&quot;tarifario&quot;,&quot;operator&quot;:&quot;equals&quot;,&quot;if_value&quot;:&quot;Dep\\u00f3sito de Contenedores Vac\\u00edos&quot;}]}],&quot;settings&quot;:{&quot;animation&quot;:&quot;yes&quot;,&quot;animation_intime&quot;:200,&quot;animation_outtime&quot;:200,&quot;conditions_ui&quot;:&quot;normal&quot;,&quot;notice_dismissed&quot;:false}}\" \/>\n<\/div>\n<div class=\"contact_form\">\n\t<div class=\"row\">\n\t\t<div class=\"col-lg-12 col-md-12 col-sm-12 col-xs-12\">\n\t\t\t<h3>TARIFARIO EN L\u00cdNEA\n\t\t\t<\/h3>\n\t\t<\/div>\n\t\t<div class=\"col-lg-12 col-md-12 col-sm-12 col-xs-12\">\n\t\t\t<div class=\"input-group\">\n\t\t\t\t<p><label style=\"color:#b7b7b7;\">Escoja una opci\u00f3n:<\/label><br \/>\n<span class=\"wpcf7-form-control-wrap\" data-name=\"tarifario\"><select class=\"wpcf7-form-control wpcf7-select wpcf7-validates-as-required\" aria-required=\"true\" aria-invalid=\"false\" name=\"tarifario\"><option value=\"Importador\">Importador<\/option><option value=\"Exportador\">Exportador<\/option><option value=\"Consolidadoras\">Consolidadoras<\/option><option value=\"Servicios a la Nave\">Servicios a la Nave<\/option><option value=\"Dep\u00f3sito de Contenedores Vac\u00edos\">Dep\u00f3sito de Contenedores Vac\u00edos<\/option><\/select><\/span>\n\t\t\t\t<\/p>\n\t\t\t<\/div>\n\t\t<\/div>\n\t\t<div class=\"col-lg-12 col-md-12 col-sm-12 col-xs-12\">\n\t\t\t<div data-id=\"importer\" data-orig_data_id=\"importer\"  data-class=\"wpcf7cf_group\">\n\t\t\t\t<div class=\"input-group\">\n\t\t\t\t\t<p><a href=\"\/index.php\/tarifas-tpg-importador-contenedor\/\" target=\"_blank\" class=\"button size-sm\">Contenedores<\/a>\n\t\t\t\t\t<\/p>\n\t\t\t\t<\/div>\n\t\t\t\t<div class=\"input-group\">\n\t\t\t\t\t<p><a href=\"\/index.php\/tarifas-tpg-importador-carga-suelta\/\" target=\"_blank\" class=\"button size-sm\">Carga Suelta<\/a>\n\t\t\t\t\t<\/p>\n\t\t\t\t<\/div>\n\t\t\t\t<div class=\"input-group\">\n\t\t\t\t\t<p><a href=\"\/index.php\/tarifas-tpg-importador-carga-suelta-no-convencional\/\" target=\"_blank\" class=\"button size-sm\">Carga Suelta (no convencional)<\/a>\n\t\t\t\t\t<\/p>\n\t\t\t\t<\/div>\n\t\t\t<\/div>\n\t\t\t<div data-id=\"exporter\" data-orig_data_id=\"exporter\"  data-class=\"wpcf7cf_group\">\n\t\t\t\t<div class=\"input-group\">\n\t\t\t\t\t<p><a href=\"\/index.php\/tarifas-tpg-exportador-contenedor\/\" target=\"_blank\" class=\"button size-sm\">Contenedores<\/a>\n\t\t\t\t\t<\/p>\n\t\t\t\t<\/div>\n\t\t\t\t<div class=\"input-group\">\n\t\t\t\t\t<p><a href=\"\/index.php\/tarifas-tpg-exportador-carga-suelta\/\" target=\"_blank\" class=\"button size-sm\">Carga Suelta<\/a>\n\t\t\t\t\t<\/p>\n\t\t\t\t<\/div>\n\t\t\t\t<div class=\"input-group\">\n\t\t\t\t\t<p><a href=\"\/index.php\/tarifas-tpg-exportador-carga-suelta-no-convencional\/\" target=\"_blank\" class=\"button size-sm\">Carga Suelta (no convencional)<\/a>\n\t\t\t\t\t<\/p>\n\t\t\t\t<\/div>\n\t\t\t<\/div>\n\t\t\t<div data-id=\"consolidators\" data-orig_data_id=\"consolidators\"  data-class=\"wpcf7cf_group\">\n\t\t\t\t<div class=\"input-group\">\n\t\t\t\t\t<p><a href=\"\/index.php\/tarifas-tpg-consolidadora-contenedor\/\" target=\"_blank\" class=\"button size-sm\">Ver Tarifario<\/a>\n\t\t\t\t\t<\/p>\n\t\t\t\t<\/div>\n\t\t\t<\/div>\n\t\t\t<div data-id=\"services\" data-orig_data_id=\"services\"  data-class=\"wpcf7cf_group\">\n\t\t\t\t<div class=\"input-group\">\n\t\t\t\t\t<p><a href=\"\/index.php\/tarifas-tpg-servicios-a-la-nave\/\" target=\"_blank\" class=\"button size-sm\">Ver Tarifario<\/a>\n\t\t\t\t\t<\/p>\n\t\t\t\t<\/div>\n\t\t\t<\/div>\n\t\t\t<div data-id=\"deposit\" data-orig_data_id=\"deposit\"  data-class=\"wpcf7cf_group\">\n\t\t\t\t<div class=\"input-group\">\n\t\t\t\t\t<p><a href=\"\/index.php\/tarifas-tpg-deposito-contenedores-vacios\/\" target=\"_blank\" class=\"button size-sm\">Ver Tarifario<\/a>\n\t\t\t\t\t<\/p>\n\t\t\t\t<\/div>\n\t\t\t<\/div>\n\t\t<\/div>\n\t<\/div>\n<\/div><div class=\"wpcf7-response-output\" aria-hidden=\"true\"><\/div>\n<\/form>\n<\/div>\n[\/vc_column][\/vc_row]<\/p>\n<\/div>","protected":false},"excerpt":{"rendered":"<p>[vc_row][vc_column width=\u00bb2\/3&#8243;][vc_column_text css=\u00bb.vc_custom_1758833410468{margin-bottom: 30px !important;}\u00bb] SERVICIOS ADUANEROS Energ\u00eda primer d\u00eda USD 120,00 (m\u00ednimo 24 horas).[\/vc_column_text][vc_column_text css=\u00bb.vc_custom_1548225355699{margin-bottom: 30px !important;}\u00bb] SERVICIOS LOG\u00cdSTICOS *EL RECARGO POR CONTENEDOR NO ESTANDAR O IMO ES DE 20% ADICIONAL SOBRE&#8230;<\/p>\n","protected":false},"author":1,"featured_media":0,"parent":0,"menu_order":0,"comment_status":"closed","ping_status":"closed","template":"","meta":{"footnotes":""},"class_list":["post-2449","page","type-page","status-publish","hentry"],"_links":{"self":[{"href":"http:\/\/www.tpg.com.ec\/index.php\/wp-json\/wp\/v2\/pages\/2449","targetHints":{"allow":["GET"]}}],"collection":[{"href":"http:\/\/www.tpg.com.ec\/index.php\/wp-json\/wp\/v2\/pages"}],"about":[{"href":"http:\/\/www.tpg.com.ec\/index.php\/wp-json\/wp\/v2\/types\/page"}],"author":[{"embeddable":true,"href":"http:\/\/www.tpg.com.ec\/index.php\/wp-json\/wp\/v2\/users\/1"}],"replies":[{"embeddable":true,"href":"http:\/\/www.tpg.com.ec\/index.php\/wp-json\/wp\/v2\/comments?post=2449"}],"version-history":[{"count":15,"href":"http:\/\/www.tpg.com.ec\/index.php\/wp-json\/wp\/v2\/pages\/2449\/revisions"}],"predecessor-version":[{"id":15048,"href":"http:\/\/www.tpg.com.ec\/index.php\/wp-json\/wp\/v2\/pages\/2449\/revisions\/15048"}],"wp:attachment":[{"href":"http:\/\/www.tpg.com.ec\/index.php\/wp-json\/wp\/v2\/media?parent=2449"}],"curies":[{"name":"wp","href":"https:\/\/api.w.org\/{rel}","templated":true}]}}